-5*f = -492 - 3. Suppose -2*z - z = -f. What are the prime factors of z?
3, 11
Let k(t) = -7*t**3 + 2*t**2 + 2*t + 1. Let n be k(-1). What are the prime factors of 3/(-12) - (-42)/n?
5
Suppose 0 = -3*p + p. Suppose -j + 4*j - 39 = p. What are the prime factors of j?
13
What are the prime factors of ((-8)/20)/((-2)/240)?
2, 3
Let u = 10 + -6. What are the prime factors of u?
2
Let s = 0 - -2. What are the prime factors of 40/6 - s/(-6)?
7
Suppose -3*r - 2*h + 267 + 137 = 0, -2*r - h + 270 = 0. List the prime factors of r.
2, 17
Let w = -14 - -17. List the prime factors of (0 + w)*(-130)/(-15).
2, 13
Let z = -12 - -119. What are the prime factors of z?
107
Let b(m) = -24*m + 2 + 0 - 2 + 1. List the prime factors of b(-1).
5
Let b be (-246)/(-4)*12/9. Suppose -2*d - 4*u = b, 0 = 2*d - 5*u + u + 66. What are the prime factors of (-2)/7 - d/7?
5
Let g(y) = y - 4. Let b be g(9). Suppose -2*q = 10, 0 = -b*w + 2*q - 37 + 177. What are the prime factors of w?
2, 13
Let z(o) = 4*o + 9. Suppose 4*r - 10 = -3*p, -2*p + 11 + 1 = 4*r. List the prime factors of z(r).
5
Let i be (-31)/(-2) + (-2)/(-4). Suppose 2*j - i = 6. Let o = 21 - j. What are the prime factors of o?
2, 5
Suppose -2*p + 4*p - 70 = 0. List the prime factors of p.
5, 7
Let x = -126 + 183. List the prime factors of x.
3, 19
Let m be 11/((-11)/6) + -1. Let z = m - -16. List the prime factors of z.
3
Let w(p) be the second derivative of p**3/2 - 3*p**2 - 3*p. What are the prime factors of w(6)?
2, 3
Let c(w) = 111*w**2 + 4*w + 5. List the prime factors of c(-1).
2, 7
Let s = 9 + -6. Let d be (-21)/(-6) - s/(-6). Suppose d*k - 13 = -z + 25, 5*k - z = 43. List the prime factors of k.
3
Suppose r = v + 3*r - 31, v = 5*r + 45. List the prime factors of v.
5, 7
Suppose 4*o - 8 = -y, 0*o + 16 = -4*o. What are the prime factors of y?
2, 3
Let r(n) = -n**2 + 13*n + 7. List the prime factors of r(8).
47
Suppose -5*d = -4*r - 0*d + 655, 490 = 3*r - 4*d. Suppose -z + 5*z - 2*f = r, z - 5*f - 47 = 0. List the prime factors of z.
2, 3, 7
Suppose 0*l = -3*p - 2*l + 164, 2 = -l. Suppose 0 = -3*q - 4*c + 2 + p, 0 = -q - 2*c + 18. List the prime factors of q.
2, 11
Let d = -31 - -51. List the prime factors of d.
2, 5
Suppose 4*y - 12 = 0, -4*w = 5*y + 1 - 32. Suppose 3*x - w - 2 = 0. Suppose 58 = 4*l - x*d, 0 = -2*l - d + 4*d + 27. List the prime factors of l.
3, 5
Let y = -99 + 162. List the prime factors of y.
3, 7
Let a(h) be the first derivative of 11*h**4/4 - 2*h**3/3 + h**2 - h - 5. What are the prime factors of a(1)?
2, 5
Let a = 48 + -18. List the prime factors of a.
2, 3, 5
Let g(z) = 13*z + 1. Suppose -2*k + 0*k = -6. Let r be g(k). Suppose -2*q - 14 = 4*s - r, 0 = 5*s - q - 36. List the prime factors of s.
7
Suppose 5*u = 17 + 3. List the prime factors of u.
2
Let u be (4/(-12))/((-3)/198). Let w = -2 + u. What are the prime factors of w?
2, 5
Let b(q) = -2*q + 6. Let s be b(4). Let a(p) = -3*p + 2. Let u be a(7). Let v = s - u. List the prime factors of v.
17
Let y(i) = 7*i - 2. Let s be y(2). Suppose -4*w = -2*r - 3*r + 23, -2*r - 5*w - 4 = 0. Suppose 0 = -u - r*u + s. List the prime factors of u.
3
Let l(a) = a**3 - 3*a**2 + a + 2. What are the prime factors of l(4)?
2, 11
Suppose -4*c = -6*c + 4. Suppose b + 71 = m + c*m, -4*m + 97 = b. List the prime factors of m.
2, 3
Let w = -14 - -17. What are the prime factors of w?
3
Let p(z) = z**2 - 6*z + 3. Let j be p(6). Let l = j - -9. List the prime factors of l.
2, 3
Let y(o) = -o - 7. Let h be y(-11). Let k(d) = d**3 - 5*d**2 + 4*d - 2. Let g be k(4). Let j = g + h. List the prime factors of j.
2
List the prime factors of (-7)/42*3 - (-263)/2.
131
Suppose -3*o - 5 = -17. Let d(y) = -o*y + 2 - y**3 + 3*y**2 + 0*y**3 + 5*y. List the prime factors of d(3).
5
Let r(a) be the first derivative of -a**2 - 6*a + 3. Let q be r(-5). Suppose -q*o + 32 = 4*k, k + 67 = 5*k - 3*o. What are the prime factors of k?
13
Let h be (-5)/20 - (-13)/4. Suppose -2*u + 87 = h*u - t, 0 = 4*u - 4*t - 60. List the prime factors of u.
2, 3
Let g(f) = -f**3 - 2*f**2 - 2*f + 4. List the prime factors of g(-3).
19
Let x(f) = -5*f**2 - 2 + 5 + 0*f**2 + 7*f + 4*f**2. List the prime factors of x(7).
3
Suppose 2*t - 7*t = -50. What are the prime factors of t - 4 - (-2 + 0)?
2
Let l be 9 - (1 + (-2 - -1)). Let q be (-1 - -3) + -2 + 2. Suppose -3*m + l = -q*m. List the prime factors of m.
3
Suppose -b - 2*b - o = -9, 2*o = 0. Suppose -b*v + 3 = 5*p, 5 - 13 = -4*p - v. List the prime factors of p.
3
Let z(p) = -p**3 - 14*p**2 - 5*p + 12. List the prime factors of z(-14).
2, 41
What are the prime factors of ((-1)/(-2))/(3/216)?
2, 3
Let m = -3 - -5. Suppose 2 = m*w - 2, -5*j - 2*w + 104 = 0. What are the prime factors of j?
2, 5
Let p(i) = -18*i + 17. List the prime factors of p(-4).
89
Let d(s) = 4*s - 15. Let f(j) = -3*j + 16. Let r(g) = 4*d(g) + 3*f(g). What are the prime factors of r(5)?
23
Let b = -31 + 49. Let l = b - 11. List the prime factors of l.
7
Suppose 4*r = 6 + 18. Let p(t) = 8*t - 9. List the prime factors of p(r).
3, 13
Let s(a) = -3*a + 6. Let l be s(-3). Let o = l - 9. What are the prime factors of o?
2, 3
Let j be 3/(-2)*(-16)/12. Suppose p - 16 + 6 = -5*y, y = -p + j. Suppose -y*m - 34 = -3*c - 0*m, 0 = -4*c + m + 42. What are the prime factors of c?
2, 5
Let d(u) = u**3 + 5*u**2 - 7*u - 2. Let g be d(-6). Suppose 28 = 4*x + g. Suppose -4*f = 4*n - 48, 2*n + f + x = 5*f. What are the prime factors of n?
7
Suppose i + i - 28 = 0. List the prime factors of i.
2, 7
Let s(m) = m**2 - 5*m - 4. Let r be s(6). Suppose -r*k - 3 = -27. Suppose -4*x = -3*x - k. What are the prime factors of x?
2, 3
Suppose 3*s = 4*s + l - 5, 4*s = -l + 8. Suppose -4*d = -2*g + 14, -5*g - d + s + 12 = 0. Suppose -8*h + g*h = -30. List the prime factors of h.
2, 3
Suppose -5*k + 3*p + 20 = 0, k = 4*k - p - 12. Suppose -5*v + k*u - 5*u = -25, -5*u + 10 = 2*v. Suppose -2*h = -v*h + 27. What are the prime factors of h?
3
Let y = 4 + 1. Let n(s) = s**2 + s + 7. List the prime factors of n(y).
37
Let p(h) be the first derivative of h + 1 + 3/2*h**2. What are the prime factors of p(1)?
2
Let c(b) = -4*b**3 - 2*b**2 + b. Let p be (2/(-6))/(5/(-15)). Let t be c(p). Let g(s) = -2*s + 1. What are the prime factors of g(t)?
11
Suppose 0 = j + 2*j + 63. Suppose 2*q + 3*q = -4*n - 120, 0 = 4*q. Let y = j - n. List the prime factors of y.
3
Let g be 11/(-9) - 8/(-36). List the prime factors of (-9 + 4)/(0 + g).
5
Suppose -30 = 3*v - 2*g, -3*v - 2*v + 4*g - 48 = 0. Let j = v - -17. List the prime factors of j.
5
Suppose -15*n + 10*n = -25. List the prime factors of n.
5
Let u(a) = 4*a**2 + 17*a - 10. What are the prime factors of u(-7)?
67
Suppose -45 = 5*r + 3*f, 2*f = -3*r + 6*f - 27. Suppose -18 = -3*v + 2*v. Let j = r + v. What are the prime factors of j?
3
Let p(h) be the first derivative of -11*h**2/2 + 2*h - 2. What are the prime factors of p(-2)?
2, 3
Suppose f + 2 = 1. What are the prime factors of ((-92)/(-2) + f)*1?
3, 5
Let p(r) = -4*r - 5. Let s = -21 + 17. List the prime factors of p(s).
11
Let g be -17 - (-2 - -2)/(-3). Let h = g - -31. What are the prime factors of h?
2, 7
Let h = 176 + -119. List the prime factors of h.
3, 19
Let v(i) = i**2 + 3*i + 10. List the prime factors of v(-5).
2, 5
Suppose -2*a - 3*l = -143, 0*a = 4*a + 5*l - 289. What are the prime factors of a?
2, 19
Suppose -3*d + 0*u + 3*u + 12 = 0, 2*u = -5*d + 34. Suppose -5*z = -5*a, 0 = 3*z - d*z + 5*a. Suppose -2*w + 13 + 31 = z. List the prime factors of w.
2, 11
Let l = 97 - 147. Let z = -30 - l. List the prime factors of z.
2, 5
Suppose -s = 4*y - 14, -2*s + 7*s + y - 51 = 0. Let u = -5 + s. Suppose 0*m + u*m - 45 = 0. List the prime factors of m.
3
Let k(q) = q**3 - 14*q**2 + 8*q + 11. List the prime factors of k(14).
3, 41
Let j(c) = 2*c**2 + 3*c - 8. Let w be j(-6). Let n = w - 65. Let z = 31 + n. What are the prime factors of z?
2, 3
Suppose 0 = -0*z - 4*z - 48. What are the prime factors of 24/2*z/(-18)?
2
Suppose -154 = 5*r - 744. List the prime factors of r.
2, 59
Let m = 58 - 35. List the prime factors of m.
23
Let u(a) = -a + 4. Let t be u(-2). List the prime factors of 12/(-18) + 292/t.
2, 3
Let j(k) = k**3 + 12*k**2 + 12*k + 15. Let w be j(-11). Suppose -2*t - 88 = -6*t + 2*a, 100 = w*t + a. What are the pr